t q(a) = -7*a**3 + 6*a - 3*a - 3 + 7*a**2 + a**3 + b*a**3. Determine q(t).
15
Let k(n) = 8*n**2 + 6*n + 4. Let m(w) = 15*w**2 + 11*w + 7. Let z(j) = 11*k(j) - 6*m(j). Let s be z(-2). Let h(x) = 93*x + 5 + 4 - 1 - 2 - 94*x. Calculate h(s).
12
Let i(r) = -r**2 + 12*r - 14. Suppose -4*j - 334 = -2*x, 4*j + 4*x + 187 = -153. Let s = j - -95. Determine i(s).
-3
Let y = 1440 - 1443. Let p(b) = -b**3 - 6*b**2 - 5*b + 7. What is p(y)?
-5
Suppose c - 4*n = -17, -3*n - 27 + 30 = -4*c. Let b(a) = -6*a - 7. What is b(c)?
-25
Let i(m) = 4. Let r(j) be the first derivative of 1/2*j**2 + j - 5. Let n(a) = i(a) + r(a). Give n(4).
9
Let y(z) be the second derivative of 5/2*z**2 + 0*z**3 + 7/12*z**4 + 2*z + 0 - 1/20*z**5. Calculate y(7).
5
Let t(h) = h**2 + 4*h + 3. Let n be 4 - (-3 - (-4 - -1)). Let m(k) = -2*k**2 - 4 - n + 1 - 8*k. Let j(y) = 4*m(y) + 9*t(y). What is j(-5)?
4
Let x(a) = 7*a - 33. Let v(k) = 2*k - 8. Suppose -y + 10 = 4*y. Let d(u) = y*x(u) - 9*v(u). Calculate d(5).
-14
Suppose 10 = -y - 4*w + 23, 4*w - 16 = 0. Let u(f) = f**3 + 4*f**2 + 4*f - 1. What is u(y)?
-4
Let g(t) = t**3 + 7*t**2 - 6*t - 5. Let u(c) = -c**3 - 6*c**2 + 6*c + 2. Let h(v) = -2*g(v) - 3*u(v). What is h(-5)?
9
Let g(z) = 2*z + 2. Let o(t) = 17*t + 16. Let y(r) = 4*g(r) - o(r). What is y(-6)?
46
Suppose 4*m - 3 = 5. Suppose 0*c + 10 = 5*c. Let x(y) = -c - 3 + 6 + y**3. Determine x(m).
9
Let g(u) = -u - 3*u + 5*u + 12. Suppose -d = w - 28, 0 = -2*d + 6*d - w - 92. Suppose -d*h - 35 = -19*h. Calculate g(h).
5
Let v(f) be the first derivative of f**3/3 - 11*f**2/2 + 6*f - 45. Let a be v(11). Let u(p) = p**3 - 5*p**2 - 5*p - 7. Give u(a).
-1
Let p(k) be the first derivative of -3*k**4/2 + 2*k**3/3 - k + 867. Let q(n) = -n - 3. Let j be q(-5). Suppose -f - j + 1 = 0. What is p(f)?
7
Let q(h) = -h**2 - 13*h - 17. Let k = 123 - 134. What is q(k)?
5
Suppose -6*j + 342 = -15*j. Let l = j - -35. Let f(u) = u**3 + 3*u**2 - 2*u - 3. Give f(l).
3
Let p(f) = -f**3 + 6*f**2 - 2*f + 4. Let m(c) = -18*c + 185. Let d be m(10). Determine p(d).
19
Let x(k) = k**3 - 4*k**2 + 5. Let p(r) = 11 - 3 - r + 2*r. Let a be p(0). Suppose s = -4 + a. Determine x(s).
5
Let j(b) be the third derivative of b**4/8 + b**3/3 - 13*b**2. Give j(5).
17
Let y(p) = p**3 - 4*p**2 + 4. Let j(i) = -2*i + 11. Let l be j(4). Suppose -3*q = -l - 6. Calculate y(q).
-5
Let a(l) be the third derivative of 1/60*l**5 + 0*l + 1/3*l**3 - 2*l**2 + 0 + 1/6*l**4. Suppose -c + 0 = 2. Give a(c).
-2
Let b(s) = -74*s + 80. Let t(p) = -15*p + 17. Let r(k) = 3*b(k) - 14*t(k). Determine r(-1).
14
Let f(i) be the first derivative of i**6/60 - i**5/60 - i**4/24 - i**3/6 + 2*i**2 - 8. Let b(r) be the second derivative of f(r). Give b(2).
9
Let x = -781 + 786. Let z(m) = -m**2 - m + 2. Determine z(x).
-28
Let u(h) = -116*h - 28. Let n(s) = 36*s + 9. Let y(c) = 16*n(c) + 5*u(c). Give y(-2).
12
Let n(f) = f - 1. Suppose h = -h - 4*l + 22, 4*h = -4*l + 24. Let u(k) = 5. Let y(j) = h*u(j) + 5*n(j). Determine y(-2).
-10
Let c(u) = -u - 8. Let m = 16 + -3. Let o(s) = m*s - 5*s - 9*s - 7. Let h(p) = -3*c(p) + 4*o(p). Determine h(-4).
0
Let y(o) = -18*o - 15*o + 35*o + 3 - 14. Determine y(5).
-1
Let j = 4 + -1. Let z be 135/30*(-4)/(-6). Let i(p) = 108 + 3*p**3 - 2*p**3 - 50 - z*p**2 - 55 + p. Determine i(j).
6
Let h(v) = 4*v**2 + 3*v + 1. Let m be (18/10)/((5 + -4)/5). Let l(j) = j**3 - 10*j**2 + 8*j + 7. Let y be l(m). Determine h(y).
11
Let b be -3 - 18*(-3)/6. Let j(c) be the second derivative of -9*c + 0 - 5/2*c**2 + 1/12*c**4 - c**3. Calculate j(b).
-5
Let f(p) = 8*p**2 + 17*p. Suppose 0*b + 11 = b. Let l(t) = -3*t**2 - 6*t. Let i = -1448 + 1452. Let o(y) = b*l(y) + i*f(y). Calculate o(4).
-8
Let j(q) = q**2 - 5*q - 5. Suppose 7*o = 9 + 40. Determine j(o).
9
Let b(i) = 8*i - 3. Let l(n) = 7*n - 3. Let r(d) = 3*b(d) - 4*l(d). Let t be 12/9 - (-1)/(-3). Let c = t + 2. Determine r(c).
-9
Let g(c) be the second derivative of c**4/12 + 5*c**3/3 + 7*c**2/2 - 4*c + 17. Determine g(-9).
-2
Let u be 112/(-18) - ((-11)/9 + 1). Let a(n) = n + 9. Calculate a(u).
3
Let r(b) = -3*b + 3. Let i be 256/512 - (0 - 13/2). Give r(i).
-18
Let d(l) = 7*l**3 + 8*l**2 + 2*l + 4. Let b(g) = 4*g - 1. Let m be b(2). Let i(y) = -8*y**3 - 8*y**2 - y - 4. Let c(x) = m*d(x) + 6*i(x). Determine c(-7).
-3
Suppose 3*r - 3*j = r + 8, 0 = -2*r - 3*j + 32. Let p(v) = 0*v - v - 13 + 2*v. Calculate p(r).
-3
Let h(r) = -r + 9. Let j be h(7). Let n = 4 - 13. Let w be j/(-9) + 43/n. Let a(s) = s**2 + 3*s - 7. Give a(w).
3
Let f(a) = 23*a**2 + 2*a - 1. Let i(k) = -2*k**2 - 39*k - 53. Let h be i(-18). Give f(h).
24
Let s(t) = 4*t + 2. Let g = 551 + -542. What is s(g)?
38
Let f(j) = -j**2 + 2*j + 1. Let l(g) = -g**3 + 24*g**2 - 27*g + 2. Let i(t) = 4*f(t) + l(t). Determine i(19).
6
Let x(j) be the first derivative of 3*j**2 - j - 1. Let u(o) = 2*o**2 - 95*o + 497. Let p be u(6). Calculate x(p).
-7
Let v(x) = -9*x**2 + 2*x - 2. Suppose 516*p = 508*p + 16. What is v(p)?
-34
Let u(b) = b**3 + 8*b**2 + 10*b - 9. Let n be u(-6). Let w(o) = n - 2 + 33*o - 29*o. Calculate w(2).
9
Let y(a) be the second derivative of 5*a**3/6 - a**2/2 + a. Suppose 34 = 3*z + 14*z. Calculate y(z).
9
Suppose 5*q + 3*m + 18 = 0, -3*q - 12 = m + 2. Let i(p) = p**2 - 16. What is i(q)?
20
Let m(f) = 6*f - 10*f + 6*f. Suppose 6*b - 391 = -427. Give m(b).
-12
Suppose 0 = 19*s - 12*s - 217. Let r(h) = -s*h + h**2 + 6 + 80*h - 43*h. Give r(-6).
6
Let d(s) = s**2 - 4*s - 5. Let q(j) = -j**3 + j**2 - 6*j + 5. Let n be q(0). Calculate d(n).
0
Let k(r) be the third derivative of -r**4/4 - 4*r**3/3 - 283*r**2. What is k(0)?
-8
Let m(a) be the second derivative of a**7/840 - a**6/180 + a**5/40 - a**4/6 - 20*a. Let u(w) be the third derivative of m(w). Determine u(2).
7
Let x(k) = -6*k + 5. Let l be ((-16)/(-10))/((-28)/(-70)). Calculate x(l).
-19
Let y(s) be the first derivative of -2*s**3/3 - 2*s**2 + s - 126. Determine y(-2).
1
Let s = -78 - -76. Let t be s/15 + 51/45. Let d(m) = -5*m**2 + m - 1. Calculate d(t).
-5
Let g be -4*2*(-15)/40. Suppose -7*d - 32 - g = 0. Let l(j) = j**3 + 6*j**2 + 3*j - 4. Determine l(d).
6
Let b(f) = 2*f**2 - 2*f + 15. Let j(u) = -u**2 + u - 16. Let r(v) = 2*b(v) + 3*j(v). Let h be r(5). Let x(z) = z**3 - z**2 + 2*z - 3. Give x(h).
5
Let p(g) = 2*g**3 - g**2 + 3*g + 2. Suppose n + 2*n + 15 = 0. Let d be (20/3)/n*3. Let x(h) = -3*h**3 - 3*h - 2. Let i(o) = d*p(o) - 3*x(o). What is i(-4)?
10
Let o(j) = 2*j + j**2 - 2*j + 14. Suppose 233*i = 237*i. Calculate o(i).
14
Let s = -1 - -3. Let n(x) = -3*x**3 - x**2 + 0*x - x + s*x**3. Let t be (-7)/(-14) + 28/(-8) + 3. Give n(t).
0
Let j be (7 - (-32)/(-6))*(3 + -6). Let w(b) = -2*b - 3. Calculate w(j).
7
Suppose 0 = -3*z + 6 - 0. Let o(w) = -4*w - 2. Let c(k) = -3*k - 2. Let q(x) = z*o(x) - 3*c(x). Let r(b) = -b**2 - 6. Let m be r(0). What is q(m)?
-4
Let r(l) be the third derivative of -l**6/360 + l**5/60 - l**4/24 - 2*l**3 - 6*l**2 - 1. Let h(t) be the second derivative of r(t). Calculate h(-3).
8
Let m(w) = -2*w - 1. Suppose 4*b = -3*b. Determine m(b).
-1
Let s(j) = 5*j - 10. Let o be s(3). Suppose 5*d + l - 21 = 0, 2*l - 7 = -o*d + 10. Let t(y) = y**3 - 4*y**2 - 6*y + 5. What is t(d)?
0
Let l(m) = -11*m**2 + 39*m - 13. Let k(g) = -7*g**2 + 26*g - 9. Let f(t) = -8*k(t) + 5*l(t). Give f(12).
-5
Let y(h) be the third derivative of 0 + 11*h**2 - 1/120*h**6 + 2/15*h**5 + 0*h - 2*h**3 + 11/24*h**4. Give y(9).
6
Let r(b) = -1 - 3*b**2 - 10*b + 4*b**2 - 9 + 1. Calculate r(11).
2
Let j(f) be the third derivative of -f**9/60480 + f**8/2880 + f**7/2520 + f**5/12 + f**4/24 + 33*f**2. Let r(a) be the third derivative of j(a). Determine r(7).
14
Suppose -12*j = -565 + 793. Let u(c) = 2*c + 37. Determine u(j).
-1
Suppose 0 = -0*y + 2*y - 42. Let l = 4 - y. Let p = l - -21. Let a(h) = h**3 - 4*h**2 - 3*h + 6. What is a(p)?
-6
Let v(t) be the second derivative of -7/6*t**3 + 3*t + 0 + 5/2*t**2 + 1/24*t**4. Let n(m) be the first derivative of v(m). What is n(0)?
-7
Suppose 3*y = 4*h + 6, -y + 2*h + 21 = 7*h. Let d(t) = -2*t + 1. Calculate d(y).
-11
Let x(g) = 4*g - 4. Let t be 18/2 + 1 + -5. Suppose -m + 5*u + 1 = 7, -t*m = 4*u - 28. Give x(m).
12
Let c(x) be the third derivative of -x**7/1680 + x**6/240 + x**5/12 + 12*x**2. Let k(b) be the third derivative of c(b)